{"id":5,"date":"2021-03-25T13:26:18","date_gmt":"2021-03-25T12:26:18","guid":{"rendered":"http:\/\/ramz.pl\/index.php\/home-page\/"},"modified":"2021-04-23T10:14:19","modified_gmt":"2021-04-23T08:14:19","slug":"automatyka","status":"publish","type":"page","link":"http:\/\/ramz.pl\/","title":{"rendered":"Automatyka przemys\u0142owa"},"content":{"rendered":"<div id=\"pl-5\"  class=\"panel-layout\" ><div id=\"pg-5-0\"  class=\"panel-grid panel-no-style\" ><div id=\"pgc-5-0-0\"  class=\"panel-grid-cell\" ><div id=\"panel-5-0-0-0\" class=\"so-panel widget widget_sow-editor panel-first-child panel-last-child\" data-index=\"0\" ><div\n\t\t\t\n\t\t\tclass=\"so-widget-sow-editor so-widget-sow-editor-base\"\n\t\t\t\n\t\t><h3 class=\"widget-title\">OFERUJEMY<\/h3>\n<div class=\"siteorigin-widget-tinymce textwidget\">\n\t<ul>\n<li>automatyzacja proces\u00f3w produkcyjnych<\/li>\n<li>automatyka przemys\u0142owa<\/li>\n<li>robotyzacja produkcji<\/li>\n<li>integracja ci\u0105g\u00f3w produkcyjnych<\/li>\n<li>usprawnienia proces\u00f3w technologicznych<\/li>\n<\/ul>\n<\/div>\n<\/div><\/div><\/div><div id=\"pgc-5-0-1\"  class=\"panel-grid-cell\" ><div id=\"panel-5-0-1-0\" class=\"so-panel widget widget_sow-editor panel-first-child panel-last-child\" data-index=\"1\" ><div\n\t\t\t\n\t\t\tclass=\"so-widget-sow-editor so-widget-sow-editor-base\"\n\t\t\t\n\t\t><h3 class=\"widget-title\">SPECJALIZACJA<\/h3>\n<div class=\"siteorigin-widget-tinymce textwidget\">\n\t<p>Nasz\u0105 g\u0142\u00f3wn\u0105 specjalizacj\u0105 jest usprawnianie proces\u00f3w produkcyjnych poprzez automatyzacj\u0119 produkcji. posiadamy do\u015bwiadczenie w dostarczaniu rozwi\u0105za\u0144 maj\u0105cych na celu zwi\u0119kszenie produkcji oraz optymalizacj\u0119 koszt\u00f3w produkcyjnych.<\/p>\n<\/div>\n<\/div><\/div><\/div><div id=\"pgc-5-0-2\"  class=\"panel-grid-cell\" ><div id=\"panel-5-0-2-0\" class=\"so-panel widget widget_sow-editor panel-first-child panel-last-child\" data-index=\"2\" ><div\n\t\t\t\n\t\t\tclass=\"so-widget-sow-editor so-widget-sow-editor-base\"\n\t\t\t\n\t\t><h3 class=\"widget-title\">US\u0141UGI<\/h3>\n<div class=\"siteorigin-widget-tinymce textwidget\">\n\t<p>\u015awiadczymy kompleksowe us\u0142ugi wsparcia od projektu poprzez wykonawstwo i monta\u017c a\u017c po sam serwis wykonanego stanowiska. Poznajemy potrzeby naszych klient\u00f3w oraz omawiamy ich za\u0142o\u017cenia i cele. Przeprowadzamy dog\u0142\u0119bna analiz\u0119 problemu i proponujemy konkretne rozwi\u0105zanie konstrukcyjne zwi\u0105zane z automatyzacja procesu produkcyjnego.<\/p>\n<\/div>\n<\/div><\/div><\/div><\/div><div id=\"pg-5-1\"  class=\"panel-grid panel-has-style\" ><div class=\"wide-grey panel-row-style panel-row-style-for-5-1\" ><div id=\"pgc-5-1-0\"  class=\"panel-grid-cell\" ><div id=\"panel-5-1-0-0\" class=\"so-panel widget widget_headline-widget panel-first-child panel-last-child\" data-index=\"3\" ><div class=\"panel-widget-style panel-widget-style-for-5-1-0-0\" >\t\t<h1><img decoding=\"async\" class=\"alignnone wp-image-104\" src=\"http:\/\/ramz.pl\/wp-content\/uploads\/2021\/03\/LOGO.png\" alt=\"automatyka przemys\u0142owa\" title=\"\"><\/h1>\n\t\t<div class=\"decoration\"><div class=\"decoration-inside\"><\/div><\/div>\n\t\t<h3>Naszym celem jest pom\u00f3c Pa\u0144stwu szybko i sprawnie znale\u017a\u0107 wszystkie produkty, kt\u00f3re s\u0105 niezb\u0119dne do prawid\u0142owego dzia\u0142ania waszego sprz\u0119tu oraz zapewni\u0105 komfort i bezpiecze\u0144stwo w Pa\u0144stwa pracy.<\/h3>\n\t\t<\/div><\/div><\/div><\/div><\/div><div id=\"pg-5-2\"  class=\"panel-grid panel-no-style\" ><div id=\"pgc-5-2-0\"  class=\"panel-grid-cell\" ><div id=\"panel-5-2-0-0\" class=\"so-panel widget widget_sow-editor panel-first-child panel-last-child\" data-index=\"4\" ><div\n\t\t\t\n\t\t\tclass=\"so-widget-sow-editor so-widget-sow-editor-base\"\n\t\t\t\n\t\t>\n<div class=\"siteorigin-widget-tinymce textwidget\">\n\t<div class='white' style='background:#fafafa; border:solid 1px #f0f0f0; border-radius:1px; padding:1px 1px 1px 1px;'>\n<div id='sample_slider' class='owl-carousel sa_owl_theme ' data-slider-id='sample_slider' style='visibility:hidden;'>\n<div id='sample_slider_slide15' class='sa_hover_container sa_vert_center_wrap' style='padding:1% 1%; margin:0px 0%; '><div class='sa_vert_center'><p><img loading=\"lazy\" decoding=\"async\" class=\"alignnone size-full wp-image-154\" src=\"http:\/\/ramz.pl\/wp-content\/uploads\/2021\/04\/f15.jpg\" alt=\"\" width=\"200\" height=\"80\" title=\"\"><\/p><\/div><\/div>\n<div id='sample_slider_slide13' class='sa_hover_container sa_vert_center_wrap' style='padding:1% 1%; margin:0px 0%; '><div class='sa_vert_center'><p><img loading=\"lazy\" decoding=\"async\" class=\"alignnone size-full wp-image-151\" src=\"http:\/\/ramz.pl\/wp-content\/uploads\/2021\/04\/f12.jpg\" alt=\"\" width=\"200\" height=\"80\" title=\"\"><\/p><\/div><\/div>\n<div id='sample_slider_slide03' class='sa_hover_container sa_vert_center_wrap' style='padding:1% 1%; margin:0px 0%; '><div class='sa_vert_center'><p><img loading=\"lazy\" decoding=\"async\" class=\"alignnone size-full wp-image-67\" src=\"http:\/\/ramz.pl\/wp-content\/uploads\/2021\/04\/f3.jpg\" alt=\"\" width=\"200\" height=\"80\" title=\"\"><\/p><\/div><\/div>\n<div id='sample_slider_slide07' class='sa_hover_container sa_vert_center_wrap' style='padding:1% 1%; margin:0px 0%; '><div class='sa_vert_center'><p><img loading=\"lazy\" decoding=\"async\" class=\"alignnone size-full wp-image-81\" src=\"http:\/\/ramz.pl\/wp-content\/uploads\/2021\/04\/f7.jpg\" alt=\"\" width=\"200\" height=\"80\" title=\"\"><\/p><\/div><\/div>\n<div id='sample_slider_slide11' class='sa_hover_container sa_vert_center_wrap' style='padding:1% 1%; margin:0px 0%; '><div class='sa_vert_center'><p><img loading=\"lazy\" decoding=\"async\" class=\"alignnone size-full wp-image-150\" src=\"http:\/\/ramz.pl\/wp-content\/uploads\/2021\/04\/f11.jpg\" alt=\"\" width=\"200\" height=\"80\" title=\"\"><\/p><\/div><\/div>\n<div id='sample_slider_slide10' class='sa_hover_container sa_vert_center_wrap' style='padding:1% 1%; margin:0px 0%; '><div class='sa_vert_center'><p><img loading=\"lazy\" decoding=\"async\" class=\"alignnone size-full wp-image-84\" src=\"http:\/\/ramz.pl\/wp-content\/uploads\/2021\/04\/f10.jpg\" alt=\"\" width=\"200\" height=\"80\" title=\"\"><\/p><\/div><\/div>\n<div id='sample_slider_slide12' class='sa_hover_container sa_vert_center_wrap' style='padding:1% 1%; margin:0px 0%; '><div class='sa_vert_center'><p><img loading=\"lazy\" decoding=\"async\" class=\"alignnone size-full wp-image-152\" src=\"http:\/\/ramz.pl\/wp-content\/uploads\/2021\/04\/f13.jpg\" alt=\"\" width=\"200\" height=\"80\" title=\"\"><\/p><\/div><\/div>\n<div id='sample_slider_slide02' class='sa_hover_container sa_vert_center_wrap' style='padding:1% 1%; margin:0px 0%; '><div class='sa_vert_center'><p><img loading=\"lazy\" decoding=\"async\" class=\"alignnone size-full wp-image-64\" src=\"http:\/\/ramz.pl\/wp-content\/uploads\/2021\/04\/f2.jpg\" alt=\"\" width=\"200\" height=\"80\" title=\"\"><\/p><\/div><\/div>\n<div id='sample_slider_slide22' class='sa_hover_container sa_vert_center_wrap' style='padding:1% 1%; margin:0px 0%; '><div class='sa_vert_center'><p><img loading=\"lazy\" decoding=\"async\" class=\"alignnone size-full wp-image-161\" src=\"http:\/\/ramz.pl\/wp-content\/uploads\/2021\/04\/f22.jpg\" alt=\"\" width=\"200\" height=\"80\" title=\"\"><\/p><\/div><\/div>\n<div id='sample_slider_slide16' class='sa_hover_container sa_vert_center_wrap' style='padding:1% 1%; margin:0px 0%; '><div class='sa_vert_center'><p><img loading=\"lazy\" decoding=\"async\" class=\"alignnone size-full wp-image-153\" src=\"http:\/\/ramz.pl\/wp-content\/uploads\/2021\/04\/f14.jpg\" alt=\"\" width=\"200\" height=\"80\" title=\"\"><\/p><\/div><\/div>\n<div id='sample_slider_slide20' class='sa_hover_container sa_vert_center_wrap' style='padding:1% 1%; margin:0px 0%; '><div class='sa_vert_center'><p><img loading=\"lazy\" decoding=\"async\" class=\"alignnone size-full wp-image-163\" src=\"http:\/\/ramz.pl\/wp-content\/uploads\/2021\/04\/f24.jpg\" alt=\"\" width=\"200\" height=\"80\" title=\"\"><\/p><\/div><\/div>\n<div id='sample_slider_slide17' class='sa_hover_container sa_vert_center_wrap' style='padding:1% 1%; margin:0px 0%; '><div class='sa_vert_center'><p><img loading=\"lazy\" decoding=\"async\" class=\"alignnone size-full wp-image-156\" src=\"http:\/\/ramz.pl\/wp-content\/uploads\/2021\/04\/f17.jpg\" alt=\"\" width=\"200\" height=\"80\" title=\"\"><\/p><\/div><\/div>\n<div id='sample_slider_slide24' class='sa_hover_container sa_vert_center_wrap' style='padding:1% 1%; margin:0px 0%; '><div class='sa_vert_center'><p><img loading=\"lazy\" decoding=\"async\" class=\"alignnone size-full wp-image-159\" src=\"http:\/\/ramz.pl\/wp-content\/uploads\/2021\/04\/f20.jpg\" alt=\"\" width=\"200\" height=\"80\" title=\"\"><\/p><\/div><\/div>\n<div id='sample_slider_slide08' class='sa_hover_container sa_vert_center_wrap' style='padding:1% 1%; margin:0px 0%; '><div class='sa_vert_center'><p><img loading=\"lazy\" decoding=\"async\" class=\"alignnone size-full wp-image-83\" src=\"http:\/\/ramz.pl\/wp-content\/uploads\/2021\/04\/f9.jpg\" alt=\"\" width=\"200\" height=\"80\" title=\"\"><\/p><\/div><\/div>\n<div id='sample_slider_slide14' class='sa_hover_container sa_vert_center_wrap' style='padding:1% 1%; margin:0px 0%; '><div class='sa_vert_center'><p><img loading=\"lazy\" decoding=\"async\" class=\"alignnone size-full wp-image-155\" src=\"http:\/\/ramz.pl\/wp-content\/uploads\/2021\/04\/f16.jpg\" alt=\"\" width=\"200\" height=\"80\" title=\"\"><\/p><\/div><\/div>\n<div id='sample_slider_slide18' class='sa_hover_container sa_vert_center_wrap' style='padding:1% 1%; margin:0px 0%; '><div class='sa_vert_center'><p><img loading=\"lazy\" decoding=\"async\" class=\"alignnone size-full wp-image-157\" src=\"http:\/\/ramz.pl\/wp-content\/uploads\/2021\/04\/f18.jpg\" alt=\"\" width=\"200\" height=\"80\" title=\"\"><\/p><\/div><\/div>\n<div id='sample_slider_slide04' class='sa_hover_container sa_vert_center_wrap' style='padding:1% 1%; margin:0px 0%; '><div class='sa_vert_center'><p><img loading=\"lazy\" decoding=\"async\" class=\"alignnone size-full wp-image-71\" src=\"http:\/\/ramz.pl\/wp-content\/uploads\/2021\/04\/f4.jpg\" alt=\"\" width=\"200\" height=\"80\" title=\"\"><\/p><\/div><\/div>\n<div id='sample_slider_slide19' class='sa_hover_container sa_vert_center_wrap' style='padding:1% 1%; margin:0px 0%; '><div class='sa_vert_center'><p><img loading=\"lazy\" decoding=\"async\" class=\"alignnone size-full wp-image-158\" src=\"http:\/\/ramz.pl\/wp-content\/uploads\/2021\/04\/f19.jpg\" alt=\"\" width=\"200\" height=\"80\" title=\"\"><\/p><\/div><\/div>\n<div id='sample_slider_slide01' class='sa_hover_container sa_vert_center_wrap' style='padding:1% 1%; margin:0px 0%; '><div class='sa_vert_center'><p><img loading=\"lazy\" decoding=\"async\" class=\"alignnone size-full wp-image-61\" src=\"http:\/\/ramz.pl\/wp-content\/uploads\/2021\/04\/f1.jpg\" alt=\"\" width=\"200\" height=\"80\" title=\"\"><\/p><\/div><\/div>\n<div id='sample_slider_slide21' class='sa_hover_container sa_vert_center_wrap' style='padding:1% 1%; margin:0px 0%; '><div class='sa_vert_center'><p><img loading=\"lazy\" decoding=\"async\" class=\"alignnone size-full wp-image-162\" src=\"http:\/\/ramz.pl\/wp-content\/uploads\/2021\/04\/f23.jpg\" alt=\"\" width=\"200\" height=\"80\" title=\"\"><\/p><\/div><\/div>\n<div id='sample_slider_slide05' class='sa_hover_container sa_vert_center_wrap' style='padding:1% 1%; margin:0px 0%; '><div class='sa_vert_center'><p><img loading=\"lazy\" decoding=\"async\" class=\"alignnone size-full wp-image-74\" src=\"http:\/\/ramz.pl\/wp-content\/uploads\/2021\/04\/f5.jpg\" alt=\"\" width=\"200\" height=\"80\" title=\"\"><\/p><\/div><\/div>\n<div id='sample_slider_slide23' class='sa_hover_container sa_vert_center_wrap' style='padding:1% 1%; margin:0px 0%; '><div class='sa_vert_center'><p><img loading=\"lazy\" decoding=\"async\" class=\"alignnone size-full wp-image-160\" src=\"http:\/\/ramz.pl\/wp-content\/uploads\/2021\/04\/f21.jpg\" alt=\"\" width=\"200\" height=\"80\" title=\"\"><\/p><\/div><\/div>\n<div id='sample_slider_slide09' class='sa_hover_container sa_vert_center_wrap' style='padding:1% 1%; margin:0px 0%; '><div class='sa_vert_center'><p><img loading=\"lazy\" decoding=\"async\" class=\"alignnone size-full wp-image-82\" src=\"http:\/\/ramz.pl\/wp-content\/uploads\/2021\/04\/f8.jpg\" alt=\"\" width=\"200\" height=\"80\" title=\"\"><\/p><\/div><\/div>\n<div id='sample_slider_slide06' class='sa_hover_container sa_vert_center_wrap' style='padding:1% 1%; margin:0px 0%; '><div class='sa_vert_center'><p><img loading=\"lazy\" decoding=\"async\" class=\"alignnone size-full wp-image-77\" src=\"http:\/\/ramz.pl\/wp-content\/uploads\/2021\/04\/f6.jpg\" alt=\"\" width=\"200\" height=\"80\" title=\"\"><\/p><\/div><\/div>\n<\/div>\n<\/div>\n<script type='text\/javascript'>\n\tjQuery(document).ready(function() {\n\t\tjQuery('#sample_slider').owlCarousel({\n\t\t\tresponsive:{\n\t\t\t\t0:{ items:1 },\n\t\t\t\t480:{ items:2 },\n\t\t\t\t768:{ items:3 },\n\t\t\t\t980:{ items:4 },\n\t\t\t\t1200:{ items:4 },\n\t\t\t\t1500:{ items:4 }\n\t\t\t},\n\t\t\tautoplay : true,\n\t\t\tautoplayTimeout : 500,\n\t\t\tautoplayHoverPause : true,\n\t\t\tsmartSpeed : 200,\n\t\t\tfluidSpeed : 200,\n\t\t\tautoplaySpeed : 200,\n\t\t\tnavSpeed : 200,\n\t\t\tdotsSpeed : 200,\n\t\t\tloop : true,\n\t\t\tnav : false,\n\t\t\tnavText : ['Previous','Next'],\n\t\t\tdots : false,\n\t\t\tresponsiveRefreshRate : 200,\n\t\t\tslideBy : 1,\n\t\t\tmergeFit : true,\n\t\t\tautoHeight : false,\n\t\t\tlazyLoad : true,\n\t\t\tlazyLoadEager: 1,\n\t\t\tmouseDrag : false,\n\t\t\ttouchDrag : true\n\t\t});\n\t\tjQuery('#sample_slider').css('visibility', 'visible');\n\t\tsa_resize_sample_slider();\n\t\twindow.addEventListener('resize', sa_resize_sample_slider);\n\t\tfunction sa_resize_sample_slider() {\n\t\t\tvar min_height = '50';\n\t\t\tvar win_width = jQuery(window).width();\n\t\t\tvar slider_width = jQuery('#sample_slider').width();\n\t\t\tif (win_width < 480) {\n\t\t\t\tvar slide_width = slider_width \/ 1;\n\t\t\t} else if (win_width < 768) {\n\t\t\t\tvar slide_width = slider_width \/ 2;\n\t\t\t} else if (win_width < 980) {\n\t\t\t\tvar slide_width = slider_width \/ 3;\n\t\t\t} else if (win_width < 1200) {\n\t\t\t\tvar slide_width = slider_width \/ 4;\n\t\t\t} else if (win_width < 1500) {\n\t\t\t\tvar slide_width = slider_width \/ 4;\n\t\t\t} else {\n\t\t\t\tvar slide_width = slider_width \/ 4;\n\t\t\t}\n\t\t\tslide_width = Math.round(slide_width);\n\t\t\tvar slide_height = '0';\n\t\t\tif (min_height == 'aspect43') {\n\t\t\t\tslide_height = (slide_width \/ 4) * 3;\t\t\t\tslide_height = Math.round(slide_height);\n\t\t\t} else if (min_height == 'aspect169') {\n\t\t\t\tslide_height = (slide_width \/ 16) * 9;\t\t\t\tslide_height = Math.round(slide_height);\n\t\t\t} else {\n\t\t\t\tslide_height = (slide_width \/ 100) * min_height;\t\t\t\tslide_height = Math.round(slide_height);\n\t\t\t}\n\t\t\tjQuery('#sample_slider .owl-item .sa_hover_container').css('min-height', slide_height+'px');\n\t\t}\n\t\tvar owl_goto = jQuery('#sample_slider');\n\t\tjQuery('.sample_slider_goto1').click(function(event){\n\t\t\towl_goto.trigger('to.owl.carousel', 0);\n\t\t});\n\t\tjQuery('.sample_slider_goto2').click(function(event){\n\t\t\towl_goto.trigger('to.owl.carousel', 1);\n\t\t});\n\t\tjQuery('.sample_slider_goto3').click(function(event){\n\t\t\towl_goto.trigger('to.owl.carousel', 2);\n\t\t});\n\t\tjQuery('.sample_slider_goto4').click(function(event){\n\t\t\towl_goto.trigger('to.owl.carousel', 3);\n\t\t});\n\t\tjQuery('.sample_slider_goto5').click(function(event){\n\t\t\towl_goto.trigger('to.owl.carousel', 4);\n\t\t});\n\t\tjQuery('.sample_slider_goto6').click(function(event){\n\t\t\towl_goto.trigger('to.owl.carousel', 5);\n\t\t});\n\t\tjQuery('.sample_slider_goto7').click(function(event){\n\t\t\towl_goto.trigger('to.owl.carousel', 6);\n\t\t});\n\t\tjQuery('.sample_slider_goto8').click(function(event){\n\t\t\towl_goto.trigger('to.owl.carousel', 7);\n\t\t});\n\t\tjQuery('.sample_slider_goto9').click(function(event){\n\t\t\towl_goto.trigger('to.owl.carousel', 8);\n\t\t});\n\t\tjQuery('.sample_slider_goto10').click(function(event){\n\t\t\towl_goto.trigger('to.owl.carousel', 9);\n\t\t});\n\t\tjQuery('.sample_slider_goto11').click(function(event){\n\t\t\towl_goto.trigger('to.owl.carousel', 10);\n\t\t});\n\t\tjQuery('.sample_slider_goto12').click(function(event){\n\t\t\towl_goto.trigger('to.owl.carousel', 11);\n\t\t});\n\t\tjQuery('.sample_slider_goto13').click(function(event){\n\t\t\towl_goto.trigger('to.owl.carousel', 12);\n\t\t});\n\t\tjQuery('.sample_slider_goto14').click(function(event){\n\t\t\towl_goto.trigger('to.owl.carousel', 13);\n\t\t});\n\t\tjQuery('.sample_slider_goto15').click(function(event){\n\t\t\towl_goto.trigger('to.owl.carousel', 14);\n\t\t});\n\t\tjQuery('.sample_slider_goto16').click(function(event){\n\t\t\towl_goto.trigger('to.owl.carousel', 15);\n\t\t});\n\t\tjQuery('.sample_slider_goto17').click(function(event){\n\t\t\towl_goto.trigger('to.owl.carousel', 16);\n\t\t});\n\t\tjQuery('.sample_slider_goto18').click(function(event){\n\t\t\towl_goto.trigger('to.owl.carousel', 17);\n\t\t});\n\t\tjQuery('.sample_slider_goto19').click(function(event){\n\t\t\towl_goto.trigger('to.owl.carousel', 18);\n\t\t});\n\t\tjQuery('.sample_slider_goto20').click(function(event){\n\t\t\towl_goto.trigger('to.owl.carousel', 19);\n\t\t});\n\t\tjQuery('.sample_slider_goto21').click(function(event){\n\t\t\towl_goto.trigger('to.owl.carousel', 20);\n\t\t});\n\t\tjQuery('.sample_slider_goto22').click(function(event){\n\t\t\towl_goto.trigger('to.owl.carousel', 21);\n\t\t});\n\t\tjQuery('.sample_slider_goto23').click(function(event){\n\t\t\towl_goto.trigger('to.owl.carousel', 22);\n\t\t});\n\t\tjQuery('.sample_slider_goto24').click(function(event){\n\t\t\towl_goto.trigger('to.owl.carousel', 23);\n\t\t});\n\t\tvar resize_141 = jQuery('.owl-carousel');\n\t\tresize_141.on('initialized.owl.carousel', function(e) {\n\t\t\tif (typeof(Event) === 'function') {\n\t\t\t\twindow.dispatchEvent(new Event('resize'));\n\t\t\t} else {\n\t\t\t\tvar evt = window.document.createEvent('UIEvents');\n\t\t\t\tevt.initUIEvent('resize', true, false, window, 0);\n\t\t\t\twindow.dispatchEvent(evt);\n\t\t\t}\n\t\t});\n\t});\n<\/script>\n\n<\/div>\n<\/div><\/div><\/div><\/div><\/div>","protected":false},"excerpt":{"rendered":"<p>automatyzacja proces\u00f3w produkcyjnych automatyka przemys\u0142owa robotyzacja produkcji integracja ci\u0105g\u00f3w produkcyjnych usprawnienia proces\u00f3w technologicznych Nasz\u0105 g\u0142\u00f3wn\u0105 specjalizacj\u0105 jest usprawnianie proces\u00f3w produkcyjnych poprzez automatyzacj\u0119 produkcji. posiadamy do\u015bwiadczenie w dostarczaniu rozwi\u0105za\u0144 maj\u0105cych na celu zwi\u0119kszenie produkcji oraz optymalizacj\u0119 koszt\u00f3w produkcyjnych. \u015awiadczymy kompleksowe us\u0142ugi wsparcia od projektu poprzez wykonawstwo i monta\u017c a\u017c po sam serwis wykonanego stanowiska. Poznajemy potrzeby [&hellip;]<\/p>\n","protected":false},"author":1,"featured_media":0,"parent":0,"menu_order":0,"comment_status":"closed","ping_status":"closed","template":"home-panels.php","meta":{"footnotes":""},"class_list":["post-5","page","type-page","status-publish","hentry","post"],"_links":{"self":[{"href":"http:\/\/ramz.pl\/index.php\/wp-json\/wp\/v2\/pages\/5","targetHints":{"allow":["GET"]}}],"collection":[{"href":"http:\/\/ramz.pl\/index.php\/wp-json\/wp\/v2\/pages"}],"about":[{"href":"http:\/\/ramz.pl\/index.php\/wp-json\/wp\/v2\/types\/page"}],"author":[{"embeddable":true,"href":"http:\/\/ramz.pl\/index.php\/wp-json\/wp\/v2\/users\/1"}],"replies":[{"embeddable":true,"href":"http:\/\/ramz.pl\/index.php\/wp-json\/wp\/v2\/comments?post=5"}],"version-history":[{"count":51,"href":"http:\/\/ramz.pl\/index.php\/wp-json\/wp\/v2\/pages\/5\/revisions"}],"predecessor-version":[{"id":200,"href":"http:\/\/ramz.pl\/index.php\/wp-json\/wp\/v2\/pages\/5\/revisions\/200"}],"wp:attachment":[{"href":"http:\/\/ramz.pl\/index.php\/wp-json\/wp\/v2\/media?parent=5"}],"curies":[{"name":"wp","href":"https:\/\/api.w.org\/{rel}","templated":true}]}}